+ 200/35. Suppose -11*x + 140 = -c*x. What is the remainder when x is divided by j?
13
Suppose -6 = -a + s - 1, -s = -2*a + 6. Let h = a - -17. What is the remainder when 35 is divided by h?
17
Let o(b) = -2*b + 8. Calculate the remainder when o(-6) is divided by 2/(-6)*(17 - 38).
6
Let u(x) = x**3 - 6*x**2 + 2. Let m = 5 + -6. Calculate the remainder when 9/(-9)*m*2 is divided by u(6).
0
Let z(v) = -2*v + 5. Let g be z(6). Suppose 0 = 4*u - 5*n - 6 - 56, 6 = -3*n. Calculate the remainder when u is divided by 1/(-2)*(-3 + g).
3
What is the remainder when 89 is divided by 42/(-4)*(-12)/14?
8
Let s(h) = h + 15. Calculate the remainder when 47 is divided by s(-5).
7
Suppose -3*p = -2*t - 95, 3*p + 2*t - 96 = 5*t. Calculate the remainder when p is divided by 17.
14
Suppose 3*x - 20 = -2*x. Suppose -x*q + 15 + 1 = 0. Suppose q*m + 4 = 0, -2*c - 4*m + 26 = -50. What is the remainder when c is divided by 14?
12
Let y = -26 + 65. What is the remainder when y is divided by 20?
19
Suppose -107 = -5*f + 48. Calculate the remainder when f is divided by 17.
14
Suppose -3*u + 5*b + 247 - 87 = 0, 5*b + 10 = 0. Suppose -4*q = -v + 50, 0*v + 3*q + u = v. What is the remainder when v is divided by 17?
16
Suppose -15*c + 10*c + 115 = 0. Calculate the remainder when 44 is divided by c.
21
Suppose 0*j + 5*k = j - 40, -2*k - 4 = 0. Let u = 33 + -22. What is the remainder when j is divided by u?
8
Suppose -3*n = -m - 9, -2*m = 3*m - 4*n + 23. Let l = m + 5. Calculate the remainder when l is divided by 2.
0
Let k = 5 - 10. Let o = -1 - k. Suppose -t = o*t - 35. What is the remainder when 12 is divided by t?
5
Suppose 114 + 116 = 5*x. Let w(v) = v**2 + 5*v - 7. Let g be w(-8). Let j = g + -1. Calculate the remainder when x is divided by j.
14
Suppose -2*m = 3*z - 4*z + 1, 0 = 2*z + 6. Let v(o) = o + 4. Calculate the remainder when 99/21 + 4/14 is divided by v(m).
1
Let y(w) = -10*w**3 + w**2 + 2*w + 1. What is the remainder when (-228)/(-8) - 1/(-2) is divided by y(-1)?
9
Suppose n + 4*n + 2*o = 56, 3*n - 4*o = 18. What is the remainder when 57 is divided by n?
7
Let f(c) be the first derivative of -1/2*c**2 + 4 + c. Calculate the remainder when 11 is divided by f(-3).
3
Suppose 540 = -j - 3*j. Let y = j + 189. Calculate the remainder when y is divided by 14.
12
Suppose -5*p - 5*m = -0 - 20, 2*p + 5*m = 20. Suppose 2*v + p*v - 27 = 3*h, 7 = -3*v - 5*h. Calculate the remainder when 10 is divided by v.
4
Suppose 0 = -4*q - n + 83, -4*q + 2*q + 5*n + 47 = 0. What is the remainder when 82 is divided by q?
19
Let j = -12 + 19. Let l = 9 - j. Calculate the remainder when 5 is divided by l.
1
Let m(a) = a**3 + 8*a**2 + 3*a + 15. Calculate the remainder when m(-7) is divided by 11.
10
Suppose t - 5*h + 5 = 0, 3 = -3*t - h + 4. Suppose t*k + 2*k = 72. What is the remainder when k is divided by 13?
10
Let d = -3 - -4. Let l = d + -1. Suppose 5*k + 46 = 3*f, 0 = -2*f - l*f + 2*k + 24. What is the remainder when f is divided by 4?
3
Suppose 5*j - 4*j = 28. Calculate the remainder when 109 is divided by j.
25
What is the remainder when 12 is divided by ((-44)/8)/(((-25)/(-5))/(-10))?
1
What is the remainder when ((-5)/2)/(10/(-24)) is divided by 4?
2
Let a(p) = 11*p**3 - p**2 + 2*p - 1. Let s be (-4)/12 - 11/3. Let t(v) = -v**3 - 2*v**2 + 4*v + 4. Calculate the remainder when t(s) is divided by a(1).
9
Calculate the remainder when 12 is divided by (-36)/54 - (-17)/3.
2
Let z(c) = -c + 16. What is the remainder when 42 is divided by z(7)?
6
Let q(f) be the second derivative of f**4/12 - 5*f. What is the remainder when q(-4) is divided by 3/9 - (-17)/3?
4
Let x be (-6)/4*(-2 + -18). Suppose l + 2*l - x = 0. Suppose 2*w + 3*w - 90 = 0. Calculate the remainder when w is divided by l.
8
Let v = 9 + 16. Let r = 23 + -9. What is the remainder when v is divided by r?
11
Suppose -2*d - 2*d + 2*v = -174, -d + 3*v = -56. Let a be d + -1*2 - 1. What is the remainder when a - (2/1 - 2) is divided by 13?
12
Let d(o) = 28*o + 1. Let x(i) = -i**3 + 5*i**2 + i - 4. Let l be x(5). Calculate the remainder when d(l) is divided by 10.
9
Suppose 6*v - v = 0. Suppose 2*s - 4 + 0 = v. Suppose -96 = s*p - 4*p. What is the remainder when p is divided by 25?
23
Let w(p) = 3*p**2 + 2*p - 7. Calculate the remainder when w(-3) is divided by 9.
5
Let r(l) = 11*l + 1. Suppose 151 = 4*h + 3*v, 0*v - 73 = -2*h - v. What is the remainder when h is divided by r(1)?
10
Let x(u) = u**3 - 8*u**2 - 9*u + 9. Let j = 130 - 85. Suppose j = 2*s + 3*s. What is the remainder when 17 is divided by x(s)?
8
Suppose d = -3*c + 17 + 49, 2*c - 5*d - 44 = 0. Suppose 53 = 5*z - c. Calculate the remainder when 21/(4 + (-13)/4) is divided by z.
13
Let f(h) = h**3 + 1. Suppose -v = 5*c, -20 = -v + c - 8. Calculate the remainder when f(3) is divided by v.
8
Let d(a) = a**2 - 3*a - 7. Let w be d(5). Suppose 2*m = w*m - 9. Calculate the remainder when m is divided by 5.
4
Let w(o) = -o + 36. Let x be w(0). Suppose -a - 44 = 2*r - 6*r, x = 4*r + a. What is the remainder when 39 is divided by r?
9
Suppose 35 = 2*v - 63. Let k(l) = 8*l - 3. Calculate the remainder when v is divided by k(2).
10
Let s = -5 + 21. Calculate the remainder when s is divided by 6.
4
Let m = -8 + 15. Calculate the remainder when m is divided by 2 - 1*(-5 + 3).
3
Let s = 54 - 34. Calculate the remainder when s is divided by 7.
6
Let l(q) = q**2 - 8*q - 1. Let n be l(7). Let a(c) = -c + 3. Calculate the remainder when 32 is divided by a(n).
10
Suppose -o = -5*v + 59, 3*v - 16 = -o + 13. Suppose 0 = -j + 3*a + 24, -5*j = -6*j + 2*a + 26. Calculate the remainder when j is divided by v.
8
Let z = -17 - -70. Suppose -35 - z = -k. Suppose -5*w - p = -k, -w = -4*w + 4*p + 62. What is the remainder when 35 is divided by w?
17
Let q(y) = -39*y - 5. Calculate the remainder when q(-7) is divided by 45.
43
Let s(y) = -y**2 + y + 7. Let k be s(0). Suppose 0 = p + 3*r + k, 2*r - 45 = -5*p + 7*r. What is the remainder when (p/10)/((-1)/(-62)) is divided by 11?
9
Suppose -2*a - 6 = -2. Let y = 9 + a. Suppose y + 7 = f. Calculate the remainder when 25 is divided by f.
11
Let p(g) = 3*g**3 + 2*g**2 - g. Let u be p(-2). Let t be (-4)/(-10) + 24/(-10). What is the remainder when t/(-7) - 164/u is divided by 7?
5
Let i = 1 + 0. Let z be (i/3)/((-2)/(-30)). Suppose -15 = -z*j, -5*w + j = -0*j - 102. What is the remainder when 41 is divided by w?
20
Suppose 0 = -4*m + 5*m - 6. Let z(i) = i**3 - 6*i**2 + 4*i + 2. Let k be z(5). Calculate the remainder when m is divided by (6/(-5))/(k/10).
2
Suppose -3*j - 4*s = -4*j - 18, 2*j + s = 9. Let q be (-57)/(-6) - (-1)/j. Let l = q + 5. Calculate the remainder when 43 is divided by l.
13
Let b(x) = -24*x**3 + x**2 - x - 1. Let j be b(-1). Let s = j - 17. Suppose -f + 15 = -0. Calculate the remainder when f is divided by s.
7
Let b(x) = 3*x**3 + 4*x + 5 - 4*x**3 + 0 + 8*x**2 + 1. What is the remainder when b(8) is divided by 10?
8
Let o be (12/9)/((-1)/(-15)). Let n = 32 - o. What is the remainder when 23 is divided by n?
11
Let h(o) = 4*o**2 + 3*o + 1. Let b be (-15)/2*32/(-20). Suppose 2*c + 6 = b. What is the remainder when h(c) is divided by 12?
10
Let v(p) = -p**2 + p + 4. Let u be v(3). Suppose -5*i + 2*j = -13 - 10, -1 = -j. What is the remainder when 23 is divided by (22/5 + u)*i?
11
Suppose -3*j + 79 = 4*u, 0*j = -5*u - j + 85. Calculate the remainder when 95 is divided by u.
15
Suppose 2*s - 112 = 232. Suppose -2*z + 51 + 21 = -4*g, -2*g - s = -5*z. Calculate the remainder when 2/4*z*1 is divided by 6.
5
Let g(p) = 7*p**3 + p**2 - 8. Let f(b) = -13*b**3 - 3*b**2 + b + 16. Let z(d) = 6*f(d) + 11*g(d). What is the remainder when z(-8) is divided by 9?
6
Let u(q) = 24*q**3 - 2*q**2 + 3*q - 2. Calculate the remainder when u(1) is divided by 3*(-4)/6 - -8.
5
Suppose -25 = -3*g - 1. What is the remainder when 23 is divided by g?
7
Suppose -3*h + h = -66. Calculate the remainder when h is divided by 8.
1
Let d = -25 + 45. Calculate the remainder when d - 5/((-10)/6) is divided by 12.
11
Suppose 0 = 4*b - b - 33. Calculate the remainder when 21 is divided by b.
10
Calculate the remainder when ((-22)/3 + -1)*-3 is divided by 25.
0
Let z(f) = -f**3 + 10*f**2 - 10*f + 4. Let x be z(9). Let o = 30 + x. Calculate the remainder when o is divided by 